{"id":95,"date":"2022-03-12T09:23:51","date_gmt":"2022-03-12T08:23:51","guid":{"rendered":"https:\/\/siktab.se\/?page_id=95"},"modified":"2022-03-12T09:33:15","modified_gmt":"2022-03-12T08:33:15","slug":"historik","status":"publish","type":"page","link":"https:\/\/siktab.se\/?page_id=95","title":{"rendered":"Arbetsvillkor"},"content":{"rendered":"\t\t<div data-elementor-type=\"wp-page\" data-elementor-id=\"95\" class=\"elementor elementor-95\">\n\t\t\t\t\t\t<section class=\"elementor-section elementor-top-section elementor-element elementor-element-89f9754 elementor-section-boxed elementor-section-height-default elementor-section-height-default\" data-id=\"89f9754\" data-element_type=\"section\" data-e-type=\"section\">\n\t\t\t\t\t\t<div class=\"elementor-container elementor-column-gap-default\">\n\t\t\t\t\t<div class=\"elementor-column elementor-col-100 elementor-top-column elementor-element elementor-element-7ee8af8\" data-id=\"7ee8af8\" data-element_type=\"column\" data-e-type=\"column\">\n\t\t\t<div class=\"elementor-widget-wrap elementor-element-populated\">\n\t\t\t\t\t\t<div class=\"elementor-element elementor-element-0470047 elementor-widget elementor-widget-text-editor\" data-id=\"0470047\" data-element_type=\"widget\" data-e-type=\"widget\" data-widget_type=\"text-editor.default\">\n\t\t\t\t<div class=\"elementor-widget-container\">\n\t\t\t\t\t\t\t\t\t<p><span style=\"text-decoration: underline;\">Arbetsvillkor<\/span> <br>Som konsult \u00e4r man en sakkunnig r\u00e5dgivare anst\u00e4lld av SIKT. Detta medf\u00f6r en m\u00f6jlighet att antingen jobba i ett team med flera konsulter eller alternativt p\u00e5 egen hand komma ut till kunden och jobba hos den som anst\u00e4lld.<br><br>SIKT kan agera som konsult till f\u00f6retag som saknar aktuell kompetens. Ett exempel p\u00e5 detta \u00e4r att som FROSIO Inspekt\u00f6r hj\u00e4lpa en uppdragsgivare vid s\u00e4kerst\u00e4llandet av kravspecifikationens efterlevnad enligt best\u00e4llarens\/uppdragsgivarens \u00f6nskem\u00e5l. Motiveringen kan m\u00e5nga g\u00e5nger vara att man beh\u00f6ver f\u00e5 in expertkunskap inom ett omr\u00e5de d\u00e4r man beh\u00f6ver det. Denna typ av konsultuppdrag utf\u00f6rs oftast med egen kontrollutrustning och arbetet f\u00e4rdigst\u00e4lls delvis i egna lokaler.<br><br>Vid konsultuppdrag hos kund ansvarar denne vanligen f\u00f6r lokaler och i viss m\u00e5n utrustning beroende p\u00e5 uppdragets art och uppl\u00e4gg.<\/p>\t\t\t\t\t\t\t\t<\/div>\n\t\t\t\t<\/div>\n\t\t\t\t\t<\/div>\n\t\t<\/div>\n\t\t\t\t\t<\/div>\n\t\t<\/section>\n\t\t\t\t<\/div>\n\t\t","protected":false},"excerpt":{"rendered":"<p>Arbetsvillkor Som konsult \u00e4r man en sakkunnig r\u00e5dgivare anst\u00e4lld av SIKT. Detta medf\u00f6r en m\u00f6jlighet att antingen jobba i ett team med flera konsulter eller alternativt p\u00e5 egen hand komma ut till kunden och jobba hos den som anst\u00e4lld. SIKT kan agera som konsult till f\u00f6retag som saknar aktuell kompetens. Ett exempel p\u00e5 detta \u00e4r &#8230; <a title=\"Arbetsvillkor\" class=\"read-more\" href=\"https:\/\/siktab.se\/?page_id=95\" aria-label=\"L\u00e4s mer om Arbetsvillkor\">L\u00e4s mer<\/a><\/p>\n","protected":false},"author":1,"featured_media":0,"parent":0,"menu_order":0,"comment_status":"closed","ping_status":"closed","template":"","meta":{"footnotes":""},"class_list":["post-95","page","type-page","status-publish"],"yoast_head":"<!-- This site is optimized with the Yoast SEO plugin v27.3 - https:\/\/yoast.com\/product\/yoast-seo-wordpress\/ -->\n<title>Arbetsvillkor - SIKT Svensk inspektion &amp; konsulttj\u00e4nst AB<\/title>\n<meta name=\"robots\" content=\"index, follow, max-snippet:-1, max-image-preview:large, max-video-preview:-1\" \/>\n<link rel=\"canonical\" href=\"https:\/\/siktab.se\/?page_id=95\" \/>\n<meta property=\"og:locale\" content=\"sv_SE\" \/>\n<meta property=\"og:type\" content=\"article\" \/>\n<meta property=\"og:title\" content=\"Arbetsvillkor - SIKT Svensk inspektion &amp; konsulttj\u00e4nst AB\" \/>\n<meta property=\"og:description\" content=\"Arbetsvillkor Som konsult \u00e4r man en sakkunnig r\u00e5dgivare anst\u00e4lld av SIKT. Detta medf\u00f6r en m\u00f6jlighet att antingen jobba i ett team med flera konsulter eller alternativt p\u00e5 egen hand komma ut till kunden och jobba hos den som anst\u00e4lld. SIKT kan agera som konsult till f\u00f6retag som saknar aktuell kompetens. Ett exempel p\u00e5 detta \u00e4r ... L\u00e4s mer\" \/>\n<meta property=\"og:url\" content=\"https:\/\/siktab.se\/?page_id=95\" \/>\n<meta property=\"og:site_name\" content=\"SIKT Svensk inspektion &amp; konsulttj\u00e4nst AB\" \/>\n<meta property=\"article:modified_time\" content=\"2022-03-12T08:33:15+00:00\" \/>\n<meta name=\"twitter:card\" content=\"summary_large_image\" \/>\n<meta name=\"twitter:label1\" content=\"Ber\u00e4knad l\u00e4stid\" \/>\n\t<meta name=\"twitter:data1\" content=\"1 minut\" \/>\n<script type=\"application\/ld+json\" class=\"yoast-schema-graph\">{\"@context\":\"https:\\\/\\\/schema.org\",\"@graph\":[{\"@type\":\"WebPage\",\"@id\":\"https:\\\/\\\/siktab.se\\\/?page_id=95\",\"url\":\"https:\\\/\\\/siktab.se\\\/?page_id=95\",\"name\":\"Arbetsvillkor - SIKT Svensk inspektion &amp; konsulttj\u00e4nst AB\",\"isPartOf\":{\"@id\":\"https:\\\/\\\/siktab.se\\\/#website\"},\"datePublished\":\"2022-03-12T08:23:51+00:00\",\"dateModified\":\"2022-03-12T08:33:15+00:00\",\"breadcrumb\":{\"@id\":\"https:\\\/\\\/siktab.se\\\/?page_id=95#breadcrumb\"},\"inLanguage\":\"sv-SE\",\"potentialAction\":[{\"@type\":\"ReadAction\",\"target\":[\"https:\\\/\\\/siktab.se\\\/?page_id=95\"]}]},{\"@type\":\"BreadcrumbList\",\"@id\":\"https:\\\/\\\/siktab.se\\\/?page_id=95#breadcrumb\",\"itemListElement\":[{\"@type\":\"ListItem\",\"position\":1,\"name\":\"Hem\",\"item\":\"https:\\\/\\\/siktab.se\\\/\"},{\"@type\":\"ListItem\",\"position\":2,\"name\":\"Arbetsvillkor\"}]},{\"@type\":\"WebSite\",\"@id\":\"https:\\\/\\\/siktab.se\\\/#website\",\"url\":\"https:\\\/\\\/siktab.se\\\/\",\"name\":\"SIKT Svensk inspektion &amp; konsulttj\u00e4nst AB\",\"description\":\"SIKT Svensk inspektion &amp; konsulttj\u00e4nst AB frosio inspekt\u00f6r\",\"publisher\":{\"@id\":\"https:\\\/\\\/siktab.se\\\/#organization\"},\"potentialAction\":[{\"@type\":\"SearchAction\",\"target\":{\"@type\":\"EntryPoint\",\"urlTemplate\":\"https:\\\/\\\/siktab.se\\\/?s={search_term_string}\"},\"query-input\":{\"@type\":\"PropertyValueSpecification\",\"valueRequired\":true,\"valueName\":\"search_term_string\"}}],\"inLanguage\":\"sv-SE\"},{\"@type\":\"Organization\",\"@id\":\"https:\\\/\\\/siktab.se\\\/#organization\",\"name\":\"Sikt Siktab Svensk inspektion & konsulttj\u00e4nst AB\",\"url\":\"https:\\\/\\\/siktab.se\\\/\",\"logo\":{\"@type\":\"ImageObject\",\"inLanguage\":\"sv-SE\",\"@id\":\"https:\\\/\\\/siktab.se\\\/#\\\/schema\\\/logo\\\/image\\\/\",\"url\":\"https:\\\/\\\/siktab.se\\\/wp-content\\\/uploads\\\/2022\\\/03\\\/Logo-fran-pdf-2.png\",\"contentUrl\":\"https:\\\/\\\/siktab.se\\\/wp-content\\\/uploads\\\/2022\\\/03\\\/Logo-fran-pdf-2.png\",\"width\":284,\"height\":109,\"caption\":\"Sikt Siktab Svensk inspektion & konsulttj\u00e4nst AB\"},\"image\":{\"@id\":\"https:\\\/\\\/siktab.se\\\/#\\\/schema\\\/logo\\\/image\\\/\"},\"sameAs\":[\"https:\\\/\\\/www.linkedin.com\\\/in\\\/j\u00f6rgen-persson-718261209\\\/\"]}]}<\/script>\n<!-- \/ Yoast SEO plugin. -->","yoast_head_json":{"title":"Arbetsvillkor - SIKT Svensk inspektion &amp; konsulttj\u00e4nst AB","robots":{"index":"index","follow":"follow","max-snippet":"max-snippet:-1","max-image-preview":"max-image-preview:large","max-video-preview":"max-video-preview:-1"},"canonical":"https:\/\/siktab.se\/?page_id=95","og_locale":"sv_SE","og_type":"article","og_title":"Arbetsvillkor - SIKT Svensk inspektion &amp; konsulttj\u00e4nst AB","og_description":"Arbetsvillkor Som konsult \u00e4r man en sakkunnig r\u00e5dgivare anst\u00e4lld av SIKT. Detta medf\u00f6r en m\u00f6jlighet att antingen jobba i ett team med flera konsulter eller alternativt p\u00e5 egen hand komma ut till kunden och jobba hos den som anst\u00e4lld. SIKT kan agera som konsult till f\u00f6retag som saknar aktuell kompetens. Ett exempel p\u00e5 detta \u00e4r ... L\u00e4s mer","og_url":"https:\/\/siktab.se\/?page_id=95","og_site_name":"SIKT Svensk inspektion &amp; konsulttj\u00e4nst AB","article_modified_time":"2022-03-12T08:33:15+00:00","twitter_card":"summary_large_image","twitter_misc":{"Ber\u00e4knad l\u00e4stid":"1 minut"},"schema":{"@context":"https:\/\/schema.org","@graph":[{"@type":"WebPage","@id":"https:\/\/siktab.se\/?page_id=95","url":"https:\/\/siktab.se\/?page_id=95","name":"Arbetsvillkor - SIKT Svensk inspektion &amp; konsulttj\u00e4nst AB","isPartOf":{"@id":"https:\/\/siktab.se\/#website"},"datePublished":"2022-03-12T08:23:51+00:00","dateModified":"2022-03-12T08:33:15+00:00","breadcrumb":{"@id":"https:\/\/siktab.se\/?page_id=95#breadcrumb"},"inLanguage":"sv-SE","potentialAction":[{"@type":"ReadAction","target":["https:\/\/siktab.se\/?page_id=95"]}]},{"@type":"BreadcrumbList","@id":"https:\/\/siktab.se\/?page_id=95#breadcrumb","itemListElement":[{"@type":"ListItem","position":1,"name":"Hem","item":"https:\/\/siktab.se\/"},{"@type":"ListItem","position":2,"name":"Arbetsvillkor"}]},{"@type":"WebSite","@id":"https:\/\/siktab.se\/#website","url":"https:\/\/siktab.se\/","name":"SIKT Svensk inspektion &amp; konsulttj\u00e4nst AB","description":"SIKT Svensk inspektion &amp; konsulttj\u00e4nst AB frosio inspekt\u00f6r","publisher":{"@id":"https:\/\/siktab.se\/#organization"},"potentialAction":[{"@type":"SearchAction","target":{"@type":"EntryPoint","urlTemplate":"https:\/\/siktab.se\/?s={search_term_string}"},"query-input":{"@type":"PropertyValueSpecification","valueRequired":true,"valueName":"search_term_string"}}],"inLanguage":"sv-SE"},{"@type":"Organization","@id":"https:\/\/siktab.se\/#organization","name":"Sikt Siktab Svensk inspektion & konsulttj\u00e4nst AB","url":"https:\/\/siktab.se\/","logo":{"@type":"ImageObject","inLanguage":"sv-SE","@id":"https:\/\/siktab.se\/#\/schema\/logo\/image\/","url":"https:\/\/siktab.se\/wp-content\/uploads\/2022\/03\/Logo-fran-pdf-2.png","contentUrl":"https:\/\/siktab.se\/wp-content\/uploads\/2022\/03\/Logo-fran-pdf-2.png","width":284,"height":109,"caption":"Sikt Siktab Svensk inspektion & konsulttj\u00e4nst AB"},"image":{"@id":"https:\/\/siktab.se\/#\/schema\/logo\/image\/"},"sameAs":["https:\/\/www.linkedin.com\/in\/j\u00f6rgen-persson-718261209\/"]}]}},"_links":{"self":[{"href":"https:\/\/siktab.se\/index.php?rest_route=\/wp\/v2\/pages\/95","targetHints":{"allow":["GET"]}}],"collection":[{"href":"https:\/\/siktab.se\/index.php?rest_route=\/wp\/v2\/pages"}],"about":[{"href":"https:\/\/siktab.se\/index.php?rest_route=\/wp\/v2\/types\/page"}],"author":[{"embeddable":true,"href":"https:\/\/siktab.se\/index.php?rest_route=\/wp\/v2\/users\/1"}],"replies":[{"embeddable":true,"href":"https:\/\/siktab.se\/index.php?rest_route=%2Fwp%2Fv2%2Fcomments&post=95"}],"version-history":[{"count":9,"href":"https:\/\/siktab.se\/index.php?rest_route=\/wp\/v2\/pages\/95\/revisions"}],"predecessor-version":[{"id":113,"href":"https:\/\/siktab.se\/index.php?rest_route=\/wp\/v2\/pages\/95\/revisions\/113"}],"wp:attachment":[{"href":"https:\/\/siktab.se\/index.php?rest_route=%2Fwp%2Fv2%2Fmedia&parent=95"}],"curies":[{"name":"wp","href":"https:\/\/api.w.org\/{rel}","templated":true}]}}